4*((-1628)/(-32))/(2/b) a composite number?
True
Let y = -7 + 9. Suppose 4*q = y*q + 12. Is 4*q/(-4)*(-631)/6 a composite number?
False
Let f = -224 - -255. Suppose -2112 = f*h - 46690. Is h prime?
False
Suppose 0 = -h + 3, -2638 = -4*x + 3*h - h. Let c = x + -78. Is c a composite number?
True
Let q = -33862 + 86489. Is q prime?
True
Let h(c) = 418*c**2 - c - 4. Suppose -2*w - 13 - 1 = 4*s, -3*s + 2*w - 7 = 0. Is h(s) composite?
False
Let w(k) = 11 + 4*k + 21*k + 15*k. Is w(14) a composite number?
False
Let m = 69319 + -45918. Is m prime?
False
Let v(k) = 5730 - 11456 + 94*k**2 + 2*k + 5729. Suppose -6 = -q + 3*q. Is v(q) prime?
False
Let k = 118668 + -64087. Suppose -241896 = -5*p - k. Is p a composite number?
False
Let d = 103268 - 73351. Is d composite?
False
Suppose -3399476 = -5*r + 2260839. Is r prime?
True
Let b = -43 + 60. Suppose b = -5*w - 78. Is w/76 + (-1530)/(-8) a prime number?
True
Suppose 9*i - 8*i - 945809 = -5*k, -4*i = -5*k - 3783236. Is i prime?
True
Is (((-2)/7)/((-150)/6357330))/(2/5) composite?
True
Let w = -288 + 3374. Is w prime?
False
Let x(c) = -16*c**3 + 9*c + 10. Let q(g) = -g**3 + g**2 + g + 1. Let f(m) = 6*q(m) - x(m). Is f(5) a composite number?
False
Let v(c) = -c**3 + 14*c**2 + 15*c + 15. Let y be v(15). Suppose -4*b + y = b. Is (-2)/b*(-4683)/2 a composite number?
True
Suppose -k + 8103 = x, -4*x + 0*x = 3*k - 24311. Is k a prime number?
True
Let v = 17443 - -64994. Is v a prime number?
False
Let f be -21*4/12 + 12. Suppose -f*v = 3*c - 17611, -v + 4*c = -5590 + 2077. Is v a prime number?
False
Let o(p) be the first derivative of -87/2*p**2 - 26 - 56*p. Is o(-5) a prime number?
True
Let z(x) = 25*x**2 - 15*x + 7. Let m be (-59 - -50)*-1*(-2)/2. Let c(r) = -r - 4. Let i be c(m). Is z(i) a composite number?
False
Suppose -3276 = -3*c + c. Let y = c + -1096. Suppose 599 = o - y. Is o composite?
True
Let i = 275 - 272. Suppose 22196 = 5*t - i*k, -9*t + 6*t + 13329 = 2*k. Is t a prime number?
True
Is -4*((-2)/(-9) + (-528869055)/7020) a composite number?
False
Suppose 708*z - 704*z - 16 = 0. Let i = 0 + 4. Suppose 2*a = -i*o + 506, 0 = z*a + 3*o - 0*o - 1022. Is a composite?
False
Let u = -61287 - -212336. Is u a composite number?
False
Let s be 108/7 - 76/(-133). Let w(n) = 121*n - 119. Is w(s) composite?
True
Let y be (-128)/192 + 137000/(-6). Let d = y - -34035. Is d composite?
True
Suppose 5655700 + 4993961 = -5*c + 164*c. Is c a prime number?
False
Let z(s) = -14 + 7 - 10 + 2199*s. Let q = -101 - -103. Is z(q) composite?
True
Suppose 0*j - 6 = 3*j. Let w be 2*(-3 + (-9)/j). Suppose 0 = 4*v - 2*b - 128, 4*v - 86 - 62 = -w*b. Is v a prime number?
False
Let z(g) = -2735*g + 79. Let h be z(4). Let b = -2360 - h. Is b composite?
False
Suppose h + 5*f - 7721 = -2189, h = -3*f + 5542. Is h a prime number?
True
Let v(z) = 2*z**2 + 3*z. Let j be v(-4). Let f = 25 - j. Suppose -4 + 10 = -2*r, -2*l = -f*r - 461. Is l a composite number?
False
Suppose 14*n + 21709 - 502777 = 0. Suppose 4*m - n = -3742. Is m a composite number?
True
Suppose 5*r = -279 - 191. Let p be 3/5 + r*(-1)/10. Suppose -p*s + 91 + 49 = 0. Is s a prime number?
False
Let j(m) = -1913005*m**3 - 3*m**2 - 43*m - 42. Is j(-1) a composite number?
False
Is ((-1637744)/(-10)*(-365)/146)/(-4) a prime number?
True
Let k = -1 + 21. Suppose -15*a = -k*a + 54005. Is a a prime number?
False
Let z = -294 - -296. Suppose 3*q = z*s - 105328, 4*q = -4*s + 2*q + 210672. Is s a composite number?
False
Let t = 26592 - 6121. Is t composite?
True
Let r be ((-639)/(-3)*-1)/(0 + -1). Let y = r - 22. Is y a prime number?
True
Is 12/(-72)*(-438)/4*6796 a prime number?
False
Let z = 423871 - -101098. Is z prime?
True
Let l = 152536 + 167326. Is l prime?
False
Suppose -4*w = -0*w - 16. Suppose -3*s + 5*o + 675 = -235, w*o - 16 = 0. Suppose 4*n - 7602 = -s. Is n a composite number?
False
Suppose l + 355 = -r, 37*r - 1086 = 3*l + 33*r. Suppose j = -0*j - 581. Let n = l - j. Is n a prime number?
True
Let w(n) = 263*n**2 + 26*n. Let u(k) be the second derivative of k**3/3 - 15*k**2/2 - 33*k. Let y be u(5). Is w(y) prime?
False
Let q(a) = 2*a - 1. Let g be q(6). Suppose 3*s - g = 4*d, 5 - 1 = 4*d. Let v(f) = 2*f**2 - 3*f + 4. Is v(s) prime?
False
Let c be (-5)/(5/(-484)) + -3 + 6. Suppose 0*k = -3*k - 4*w - 28, 5*k - 2*w + 90 = 0. Is c - (2 - k/(-4)) a composite number?
True
Is (-444)/(-40)*((-128)/12)/(-16)*12295 prime?
False
Suppose 5*b + 387112 + 200774 = 3*m, -2*m - 3*b + 391943 = 0. Is m composite?
False
Let n = -101400 + 289487. Is n composite?
True
Suppose 246*m - 256*m + 250010 = 0. Is m composite?
True
Let u be ((-4)/7)/(2 + 48/(-21)). Suppose -u*a - 5*y = 17209, 0 = 2*a + y + 3*y + 17212. Is (-1 - -1) + a/(-4) a prime number?
True
Let s be -10*3/(-15)*2. Suppose s*d - 3*c - 6460 = 0, d - c - 89 = 1526. Let r = d + -828. Is r a prime number?
True
Let u be (4 + -5)*(-6 + 6). Suppose -w - l + 2*l + 89 = u, -2*l = 0. Is w a prime number?
True
Let y(d) = -6203*d - 6. Let f be 1 + (-3 - (-32)/4 - 7). Is y(f) composite?
False
Let u be (-3 - (-40)/15) + 1/3. Suppose u = 3*s + 979 + 2132. Let g = s + 2044. Is g a prime number?
False
Let t(c) = -5*c**2 - 16*c + 2. Let s be t(-3). Suppose 4*y - s*d = 15472, -d = y - 6*d - 3883. Is y a composite number?
False
Let h(v) = 10491*v**2 - 242*v - 1644. Is h(-7) prime?
False
Suppose 5*b - 2778 = -x, -6*x + 8292 = -3*x + b. Suppose 10*a = a + x. Is a a composite number?
False
Let x(s) = -1823*s**3 + 3*s - 3. Let h be x(1). Suppose -5*r - 4300 = 4*z, -z - 271 = 5*r + 789. Let y = z - h. Is y composite?
False
Is 24/30 + (-1)/(-3) + (-45987700)/(-375) a prime number?
False
Is ((1283096/10)/4)/((-124)/(-620)) composite?
False
Let h(g) be the third derivative of -1/6*g**3 - 1/24*g**4 + 0 - 12*g**2 + 9/40*g**6 + 1/30*g**5 + 0*g. Is h(3) composite?
False
Let o = -5741 - -1645. Let g = o + 9167. Is g a composite number?
True
Suppose -14*p = 15*p - 191893. Suppose 1895 - p = -6*u. Is u a composite number?
False
Let w = 3751 - 2059. Let p = 2935 - w. Is p prime?
False
Is (-542962)/(-4)*562/1967 a composite number?
False
Suppose 2 = -s - 3*m + 3, 0 = 3*s - 3*m - 39. Suppose s*c - 16808 = 13482. Is c composite?
True
Let m = 44420 - -60491. Is m a prime number?
True
Suppose -4*n - 20 = 4*d, 4*n = 2*d + 2*n + 10. Is 0 - d - (-31700)/25 composite?
True
Suppose 5*m - 5*u = 20, 2*m + u + 0*u + 4 = 0. Suppose 2*v + 893 = -5*d, m = -v - d + 22 - 476. Let f = -196 - v. Is f a composite number?
False
Suppose 4*g + 1 = -o + 2*o, 3*o = 3*g + 3. Let h(r) = 4239*r**3 + 4*r - 2. Is h(o) a prime number?
True
Let c = -4786 - -6968. Let b = 979 - 226. Suppose 5*m = b + c. Is m a prime number?
True
Suppose 5*g = -13*p + 10*p - 5243, -g - 4*p = 1035. Is ((-7)/(-4))/(g/1052 - -1) a composite number?
True
Suppose 6*b = -6 + 6. Suppose 0 = -3*h + w - 71, b = -0*w + 5*w + 5. Let k = h + 83. Is k a prime number?
True
Suppose -403*d = -399*d - 4*w - 42208, -3*d + 5*w = -31638. Is d prime?
False
Let u(x) = 16*x**2 - 9*x + 41. Let a be u(-13). Let t(j) = 503*j**2. Let d be t(1). Let k = a - d. Is k composite?
True
Suppose 6*w = 65 - 29. Suppose w*z = 55 + 101. Is z prime?
False
Let h(z) = 9*z**2 - z - 7. Let i be 1 + 0 - (-312)/6. Let o = -58 + i. Is h(o) composite?
False
Suppose -32*m + 31*m = -540. Suppose 4*j - m = -208. Is j composite?
False
Is (1*(-18)/(-8))/(-9*(-8)/14251872) a prime number?
False
Let j = 70 - 5. Let d(i) = -i**3 + 22*i**2 - 19*i - 96. Let s be d(20). Let q = s - j. Is q composite?
True
Let b be (-9 + 39/6)*12/(-10). Suppose -b*x - x - 3*t = -6250, 0 = x - 2*t - 1557. Is x prime?
False
Let m = -145 - -204. Let u = m - 55. Suppose 4*n = 0, -249 = h - 4*h + u*n. Is h a prime number?
True
Let b = 202 + -2512. Let m = -730 - -738. Is (b + m)*(-2)/4 prime?
True
Let u = 116 - 113. Let j be -4 + -4 + -26300 - (0 - u). Is 1/(105215/j - -4) a prime number?
True
Suppose -22*t + 15*t = 7. Is (30/60)/(t*(-1)/1906) composite?
False
Let c = -63 - -15. Is ((-1068)/c)/((-1)/(-4)) composite?
False
Is (-572132)/(-16) + (30/8)/5 a composite number?
False
Suppose 15 = 9*s - 3. Suppose -4*l = s*i + 5098, 0 = -2*i + 7 - 13. Let f = l - -2355. Is f composite?
True
Let v be ((-4)/(80/(-75)))/((-3)/12). Let q be v/12*(8 + -4784). Suppose 29552 = 13*f + q. Is f composite?
True
Su